- 6*s. Let p be d(-6). Let y(q) = -q - 5. Determine y(p).
-5
Suppose 2*x + 2*n + 6 = -2*n, 3*x + 2*n - 7 = 0. Suppose -x*b - 3*p = 12, -5*p - 1 = -6. Let l(z) = -z**3 - 4*z**2 - 3*z + 4. Determine l(b).
4
Suppose -q + 5 = 2. Let t(y) be the third derivative of -y**6/120 + y**5/15 - y**4/6 - y**3/6 - 2*y**2. Determine t(q).
-4
Let m = 8 - 6. Let n(q) = -q**2 + q + q - q + 3*q**m. Suppose 4 = -w - 3*w. Determine n(w).
1
Let m = -116 + 120. Let k(o) = -2*o + 4. Calculate k(m).
-4
Let k(s) = s**2 - 10*s + 9. Let d be k(9). Suppose d = -2*l - l + 6. Let n(o) = 3 - 3*o**l - 5 - 1 + 4. Give n(-1).
-2
Suppose 0*l + 1 = l. Suppose -2*j = -3 - l. Let f(c) = c**2 - 2*c + 2. Give f(j).
2
Let y(i) = -13*i - 4. Let j(b) = 6*b + 2. Let p(x) = -7*j(x) - 3*y(x). Let a = 66 + -68. Determine p(a).
4
Suppose 4*n + 0*x = x + 17, 3*x = -4*n + 29. Let r(y) = y. Calculate r(n).
5
Let i(b) = -5*b**3 + b**2 + b + 1. Suppose 0*d + d = 3. Suppose 0 = -d*g - g. Suppose -z - 1 + g = 0. What is i(z)?
6
Let v(q) be the third derivative of -1/3*q**4 + 0 + 1/60*q**5 + 2/3*q**3 + 0*q - 7*q**2. Determine v(5).
-11
Let w(l) = -2*l**3 - 5*l**2 - 2*l - 1. Suppose -1 - 8 = 3*m. Give w(m).
14
Suppose -20 = 5*p + 25. Let z(y) = y + 5. Let k be z(p). Let x(d) = d + 8. What is x(k)?
4
Let q(b) = 5*b**2 + 10*b + 4. Let x(k) = -14*k**2 - 29*k - 11. Let c(r) = -17*q(r) - 6*x(r). Let z = 47 - 44. Give c(z).
1
Let d(y) be the third derivative of -y**5/60 - 7*y**4/24 + y**3/3 + 21*y**2. Calculate d(-5).
12
Let q(r) = -r**3 + 3*r**2 + 6*r - 5. Let j = -6 - -16. Suppose 2*u = -4*y - j, 3*u - 4*y - 3 = 32. Suppose 2*z = -u*g + 28, -5*z + 0 = -3*g - 8. Calculate q(g).
3
Let c be (-1)/(-1 + -1 + 1). Let p = 1 + c. Let n(t) = -7*t - 9. Let j(r) = -10*r - 13. Let u(g) = 5*j(g) - 7*n(g). Give u(p).
-4
Let d(q) = q**3 + 5*q**2 - 8*q - 8. Let m be d(-6). Let b(z) = z**2 - m + z + z - 3*z + 3*z. Give b(-3).
-1
Let y(t) be the third derivative of t**7/2520 + t**5/60 - t**2. Let m(x) be the third derivative of y(x). Let p = 12 + -13. Determine m(p).
-2
Let o(b) = -18*b + 60. Let c be o(3). Let a(w) = -3*w + w + 2 + w. Calculate a(c).
-4
Suppose 5*w = 3*u - 8, -2*u = -2*w - 2*w - 8. Let c(l) = 0*l**3 - l**3 + 1 - l + 0*l**3 - 4*l**2. Determine c(w).
5
Let a(y) = -4*y - 6. Suppose 4*m + 2*n = n + 37, -2*m + 5*n - 9 = 0. Let u be -3*(m/6)/1. Calculate a(u).
10
Let s = -35 - -30. Let l(y) be the second derivative of y**3/6 + 11*y**2/2 - 2*y. Give l(s).
6
Let r(l) = 2*l - 4. Suppose u + 3 = 2*u. Let f be r(u). Let s(v) = -2*v - v**f + 4*v + 0*v. What is s(3)?
-3
Let j(w) = -w**2 + 7*w - 3. Let p be 3 - 14/(-1) - 2. Let f = 4 + 0. Suppose f*k = k + p. Calculate j(k).
7
Let o(w) be the second derivative of w**2 + 0*w**3 + 1/6*w**4 - 1/10*w**5 - 3*w + 0. Determine o(2).
-6
Let u(s) be the second derivative of 3/2*s**2 + 1/6*s**4 + s + 4/3*s**3 + 0. Calculate u(-5).
13
Let w(u) = -5*u**2 + 2*u + 5. Let z(q) = 15 + 5*q**2 + 5*q - 16*q**2 - 4. Let f(c) = -13*w(c) + 6*z(c). Suppose -6 - 2 = -2*n. Give f(n).
1
Let x(j) = j**2 + 3*j + 3. Suppose 5*v = 0, 2*v = -2*p - 3 + 7. Let z(k) = 2*k**2 + 7*k + 7. Let y(f) = p*z(f) - 5*x(f). Determine y(-1).
-1
Suppose 2*f = 8 - 0. Let d(x) = f*x**3 + x**2 - 2*x + 0*x**2 - 3 - 3*x**3. Give d(-2).
-3
Let a(f) = -f**2. Suppose 8*i = 9*i. Calculate a(i).
0
Let g = -8 + 4. Let n = 11 + -11. Let b(i) = n + 2*i**3 + 2*i + 0 + 1 + 4*i**2 - i**3. What is b(g)?
-7
Let q(o) = -5*o - 10. Let x(t) = -6*t - 11. Let n(z) = 5*q(z) - 4*x(z). Suppose 0 = 2*g - 0*g. What is n(g)?
-6
Let z(n) = -7*n**3 - n**2 - 5*n - 6. Let a(m) = 13*m**3 + 2*m**2 + 9*m + 12. Let q(c) = -6*a(c) - 11*z(c). Let b = 64 + -64. Calculate q(b).
-6
Let p(m) = -3 - 1 - m - 6. Let l be p(-8). Let j(g) = -g**2 + g + 2. Determine j(l).
-4
Let h(z) = -z + 1. Let n(f) = -25*f**2 - 4*f + 3. Let q(t) = 3*h(t) - n(t). Determine q(-1).
24
Suppose 9 = 2*p + p. Let x(w) be the second derivative of p*w**2 + 0 - 5/6*w**3 + 1/20*w**5 + 2*w + 1/3*w**4. What is x(-5)?
6
Let i(b) = 2 - 5*b**2 - b**3 + 2*b + 3*b + 2*b**2. Suppose -2*r - 3 + 1 = 0, 2*k + 14 = -4*r. Let h = k - -1. Determine i(h).
-2
Let n(z) be the first derivative of -4*z**3/3 - 2*z**2 - 6*z + 2. Let t(j) = j**2. Let m(a) = n(a) + 3*t(a). Determine m(-4).
-6
Let m(w) = 2*w**3 + 7 + 2*w**2 + 2 + 8 + w**2 + 5*w. Let f(l) = l**3 + l**2 + 2*l + 8. Let h(v) = 5*f(v) - 2*m(v). Give h(0).
6
Let n(z) = 6*z - 4. Let d(i) = -2*i + 1. Let g(p) = 10*d(p) + 3*n(p). Let b = -14 - -9. Determine g(b).
8
Let f(g) = -g**3 + 12*g**2 + 7. Let t be (120/(-100))/(1/(-10)). What is f(t)?
7
Let h(u) = -u**3 + 8*u**2 - 7*u + 1. Let b be (91/(-26))/((-1)/2). What is h(b)?
1
Suppose -3*c = 3*l + 18, -3*l - l - 12 = c. Let p(q) be the first derivative of q**3/3 + 7*q**2/2 + 3*q + 5. What is p(c)?
-9
Let k(m) be the third derivative of m**4/12 - m**3 + 55*m**2. Let l be -2 + (-1)/(1/(-8)). Calculate k(l).
6
Suppose 2*v + v - 18 = 0. Let o(d) = -7*d + 8. Let g(x) = -x. Let w(f) = v*g(f) - o(f). Suppose -3*m = 2*m. What is w(m)?
-8
Let v be (10/4)/(2/(-4)). Let x(d) = d**3 + 4*d**2 - d + 6. Give x(v).
-14
Let p(d) = -2*d - 6. Let z be p(-3). Let q(n) = -n**3 - n - 2. Calculate q(z).
-2
Let u(t) = t**2 + 20*t - 25. Let q be u(-21). Let r(z) = -2*z**2 - 6*z - 4. Calculate r(q).
-12
Let q(g) = -g**3 + 7*g**2 + 8*g + 1. Let d be q(8). Let b be 8 + (0 - d) + -3. Let h(y) = y**3 - 3*y**2 - 4*y + 3. Determine h(b).
3
Let u be (-54)/10 - 2/(-5). Let p = 12 + -17. Let l(i) = -i + 1. Let v(g) = 4*g - 5. Let w(m) = p*l(m) - v(m). What is w(u)?
-5
Let x = 82 + -84. Let w(l) = -4*l**2 + 3*l + 5. Let z(k) = -5*k**2 + 4*k + 6. Let s(r) = 4*w(r) - 3*z(r). Determine s(x).
-2
Suppose 3*y + 12 = y. Let i(s) = 3*s - 17 - 4*s + 9. Determine i(y).
-2
Let j(l) be the third derivative of l**8/6720 + l**7/2520 - l**6/720 + l**4/24 - l**2. Let n(f) be the second derivative of j(f). Give n(1).
1
Let i = 2 + -5. Let q be (-2)/(1 + 0 + i). Let f(s) = 5*s - 1. What is f(q)?
4
Suppose -2*t - 4*r = 6, -t + 2*r + 14 = -3*t. Let u(v) = -v**3 - 12*v**2 - 13*v - 16. Determine u(t).
6
Let p(m) = m**3 + m**2 - 6. Let v be (1 - 1)/(2 + 1). Let f be p(v). Let s(n) = n**3 + 6*n**2 - 8. Give s(f).
-8
Suppose 3*k + 4*v - 17 = -0, -5*k + 3*v = -9. Let o(c) = -2*c**2 - 3*c + 4. Give o(k).
-23
Let l(g) = g**2 - 2*g + 2. Suppose -20 = 2*r - 26. Give l(r).
5
Suppose 2*d = 8 + 2. Let f(n) = -9 - d + 11 - 9*n. Calculate f(-2).
15
Let h(l) = -3*l + 4. Let r = -27 - -13. Let b be (-4)/r - (-33)/7. What is h(b)?
-11
Let g(i) = -3*i - 1. Let x(a) = a. Let k(q) = -g(q) - 5*x(q). Let m = 0 + 2. Let c be ((-2)/(-1 + 0))/m. Give k(c).
-1
Let k(s) = 2*s + 5. Let y be k(-4). Let w(o) = 1 + 10*o - 15*o + 2*o. Calculate w(y).
10
Let c(b) = -13*b**2 - 13*b + 5. Let w(j) = -7*j**2 - 7*j + 2. Let u(p) = -6*c(p) + 11*w(p). Let x = -4 + 4. Give u(x).
-8
Let g(z) be the third derivative of z**6/120 + z**5/12 - 7*z**4/24 - z**3 - 19*z**2. What is g(-6)?
0
Let w(z) = -z**2 + 3*z. Let f(n) = n**3 - 5*n**2 + 2*n - 2. Let g be f(5). Suppose 5*c - 4*v - g - 10 = 0, 2*v + 6 = c. Let i = c - -2. Determine w(i).
-4
Let l = -32 + 22. Let p = 5 + l. Let q(u) = u**2 + 5*u + 5. Give q(p).
5
Let q(g) = 6*g**2 - 4*g + 2. Let t(x) = -7*x**2 + 4*x - 3. Let v(r) = 6*q(r) + 5*t(r). Let h(f) = 2*f**2 - 3*f - 4. Let c be h(3). Calculate v(c).
2
Suppose 4*b - 12 = -4*i, 5*b = -0*i + 2*i + 8. Let c(m) = 2*m**3 - 3*m**2 + 1. Calculate c(b).
5
Let k(u) be the first derivative of -6 + 2 - 2 + 2*u**2 + 6*u. Determine k(-4).
-10
Let g(s) = -s**2 - 3. Let z = 25 + -29. Give g(z).
-19
Suppose 3*w = -4*h + 4, 3*w + 28 = -2*w + 2*h. Let k(b) be the first derivative of 6*b - 1/4*b**4 - 4/3*b**3 + 3/2*b**2 - 2. Give k(w).
-6
Let o = 9 - 5. Suppose -q - 30 = -6*q. Let l(s) = -q*s**3 + 5*s**3 + 4 + 4*s**2 - 9 + 3*s. Calculate l(o).
7
Let q(f) be the second derivative of f**4/12 - f**3/3 + 2*f**2 - 4*f. Let y(l) be the first derivative of q(l). Calculate y(2).
2
Suppose -2*r = -5*h + 16, -2*h - r - 5 = 2*r. Let s(y) = -3*y**3 - y**2 + y - 2. Determine s(h).
-28
Let j(p) = -7*p**2 - 2*p - 1. Suppose 2*b = 7*b + 20. Let q be b/(-14) - 27/21. Determine j(q).
-6
Let i(x) be the second derivative of -x**3/6 - 9*x**2/2 + 2*x. Calculate i(-7).
-2
Let m(k) = k**3 + 2*k**2. Let h be 1*(2 - 0 - 3). Let x be (1 - 